 = b*h - 0. What are the prime factors of r(w)?
2
Let v(d) = 2*d + 2. Let q be v(4). What are the prime factors of ((-44)/10)/((-2)/q)?
2, 11
Suppose -6*x - 90 = -x. Let l = 47 + x. What are the prime factors of l?
29
Let z = -51 + 92. What are the prime factors of z?
41
Suppose c = 5*c - 264. Suppose 0 = 4*h + 20, c = 2*o + 2*h + 8. What are the prime factors of o?
2, 17
Let y = 2 + 2. Suppose -y*d - d = -130. What are the prime factors of d?
2, 13
Let a(w) = -w**2 - w + 24. Let k be a(0). Suppose -2*n + k = -26. What are the prime factors of n?
5
Suppose d + 12 = 3*m + 3*d, 4*d - 14 = -m. Suppose -10 - 18 = -m*r - h, 14 = r - h. What are the prime factors of r?
2, 7
Let a = 26 - 29. Let z = -14 - -6. What are the prime factors of (-1)/3*a - z?
3
Let v be 22*(-1 + 6/4). Suppose -11 + 3 = -4*c. Suppose -c*b + v = -b. What are the prime factors of b?
11
Let i(m) = 3*m**2 - 9*m + 10. What are the prime factors of i(7)?
2, 47
Let u(k) = k + 20. What are the prime factors of u(-14)?
2, 3
Suppose -n - 3*n = -8. Let t be -4*(n - (-33)/(-12)). Suppose v = 5*l - 8, t + 9 = 3*l. What are the prime factors of v?
2, 3
Let d(p) = 10*p + 18. Let z be d(-6). Let b be (4/6)/((-1)/12). List the prime factors of (-8)/(-3)*z/b.
2, 7
Suppose -5*y + 92 = -58. Suppose 2*p = 4*p - y. What are the prime factors of p?
3, 5
Let f be 0 + (-3)/9*-3. Suppose -f - 20 = -3*u. List the prime factors of u.
7
Suppose 5*y + 25 - 65 = 0. What are the prime factors of 4*y*1/2?
2
Suppose 7 = 3*n + l, -2*l - 22 = -2*n - 7*l. Let h(y) = y + 8 - n - 3. List the prime factors of h(6).
2, 5
Let w(r) = -r - 5. Let k be w(9). Let x be (-4)/14 - 4/k. Suppose -2*i + 4*q + 6 = x, 0 = 5*i - 5*q - 8 - 7. List the prime factors of i.
3
Let n(a) = -a**3 + 8*a**2 - 7*a + 9. Let f = -10 - -17. What are the prime factors of n(f)?
3
Suppose 2*g = 1359 + 39. What are the prime factors of g/18 - 2/(-12)?
3, 13
Suppose 4*a - 8 = 8. What are the prime factors of 42/4 + (-2)/a?
2, 5
Let i(p) = -p**3 - 5*p**2 - 3*p. Let q be i(-2). Let d(l) = l**3 + 6*l**2 + l + 8. What are the prime factors of d(q)?
2
Let s be 5/((-5)/(-4)) + 2. Let m = -4 + s. What are the prime factors of m?
2
Let y be 4/1 + (9 - -83). Let f = -59 + y. List the prime factors of f.
37
Let r(g) = -g + 16. Let t(p) = -p**3 + 6*p**2 - p - 7. Let h be t(5). What are the prime factors of r(h)?
3
Let m be 3 - 4*(-3)/(-6). Let f = 1 + m. Suppose j = 3*c + 2*c - 26, f*c = 3*j. What are the prime factors of c?
2, 3
Suppose 2*x = 3*f - 7*f + 166, 2*f = -4*x + 80. What are the prime factors of f?
2, 3, 7
Let q = -9 - -14. Let y = 3 - q. Let r(h) = -h**2 - 2*h + 2. What are the prime factors of r(y)?
2
Let m be 11 - (-1 + (-4)/(-1)). Let t = 5 + m. What are the prime factors of t?
13
Let f(y) = -y**2 - 6*y - 3. Let m be 3/((-9)/(-4))*-3. Let u be f(m). Suppose o = u*r - 78, 0 = -5*r + 2*o + 58 + 18. What are the prime factors of r?
2
Suppose 4*q + 0*q - 876 = 0. What are the prime factors of q?
3, 73
Suppose -3*c + 0*h = -h - 3, 2*c + h = 2. List the prime factors of 6*(c - (-10)/12).
11
Let r = -14 + 26. Suppose 2*y = -2*d + r, -d - 1 + 4 = 2*y. List the prime factors of d.
3
Let u = -22 - -42. What are the prime factors of u?
2, 5
Let m = 10 + -4. List the prime factors of (32/m)/((-4)/(-6)).
2
Suppose -5*y + 368 = -372. What are the prime factors of (3/6)/(2/y)?
37
Suppose 0 = -6*z + 54 + 6. What are the prime factors of z?
2, 5
Let p(h) = -h**3 - 5*h**2 + 3*h - 3. Suppose -4*l = -3*c + c - 16, -c - 9 = -3*l. What are the prime factors of p(c)?
3, 5
Let r = -61 - -69. What are the prime factors of r?
2
Suppose s - 1 = 3. Suppose -5*x = c - 1, 4*c - s*x + 20 = -0*x. List the prime factors of 1*(-1)/(1/c).
2
Let r(p) = 3*p + 6. Let k be r(-4). Suppose -3*i - 2*y = 5, 0*i - 3*i = 3*y + 9. List the prime factors of 15/(((-9)/k)/i).
2, 5
Let a(g) = -g + 13. Let m be a(9). Let z(j) = 2*j**2 + 2*j - 2. What are the prime factors of z(m)?
2, 19
Suppose -8 + 3 = 5*y. What are the prime factors of (-3 + 12)/(-1)*y?
3
Suppose -2*d = -7 - 3. Suppose -k + 2*k - 42 = -4*a, -2*k = d*a - 54. What are the prime factors of a?
2, 5
Suppose 2*q - 2*s = 6, -2*q + 3*s - 7*s + 6 = 0. Suppose -5*g + q = -12. Suppose -2*v = -g*v + 12. What are the prime factors of v?
2, 3
Let m = -12 - -19. Let o = -6 - -4. What are the prime factors of (6/m)/(o/(-14))?
2, 3
Let w(p) = -4*p - 1. Let v be w(-3). Let o be (-2)/(-6) - v/(-3). Suppose 0 = -z + o. List the prime factors of z.
2
Suppose 5*p - 10 = 2*j + 10, 0 = 2*p + j - 17. List the prime factors of p.
2, 3
Let t(w) = 9*w**3 + 19*w**2 + 7*w - 7. Let p(m) = 4*m**3 + 9*m**2 + 3*m - 4. Let b(x) = 7*p(x) - 3*t(x). What are the prime factors of b(-5)?
2, 3
Let l(y) = y + 12. Let a be l(-10). Suppose -a*t + 39 = -35. List the prime factors of t.
37
Suppose -2*x = -3*c + 3*x - 30, 0 = c - 3*x + 10. Let v = 1 - c. What are the prime factors of v?
11
Suppose -5*b - 35 = -105. Let y = b - 9. What are the prime factors of y?
5
Suppose -3*b = -3*l - 24, -b - l - 2 = -0*l. Suppose 5*z = -b*p - 0*p + 65, 4*z - 5*p - 15 = 0. What are the prime factors of 1/(1 + (-8)/z)?
5
Let v = -5 - -16. Let n(x) = -2*x - 1. Let w be n(-4). Let r = v - w. What are the prime factors of r?
2
Let u(i) = -24*i - 14. List the prime factors of u(-14).
2, 7, 23
Let z(u) be the first derivative of 1 + 0*u**2 + 1/3*u**3 + 9*u. List the prime factors of z(0).
3
Suppose 4*y = -4*s - 8, 6*s + 5*y = 2*s - 8. Let l = s - -6. Suppose -i - 5*g = -6 - 19, l*g + 9 = 5*i. What are the prime factors of i?
5
Let d = 6 - -12. List the prime factors of d.
2, 3
Suppose -3*c + 9 = -3, 4*o + c = 148. Suppose 0*y + o = 2*y. List the prime factors of y.
2, 3
Let y = -12 - -21. Suppose w = 4*l - y - 5, -4*w - 5 = l. List the prime factors of 1/3 + 56/l.
19
Let b = 6 + -3. Suppose n + 2 = -3*n - 2*x, b*x + 7 = -4*n. Suppose 8 = -o + 3*t, n*o + 5*t - 3*t - 24 = 0. What are the prime factors of o?
7
Let z(y) = -y**3 - 3*y**2 + y + 4. Let j be z(-3). Let r = j - -15. List the prime factors of r.
2
Suppose -3*l + 0*l - 21 = 0. Let a = l - -13. List the prime factors of a.
2, 3
Let f(c) = -17*c - 23. List the prime factors of f(-7).
2, 3
Suppose f = -21 + 7. List the prime factors of 5*5*f/(-35).
2, 5
Let z(g) = -g - 5. Let u(y) = -y + 7. Let s be u(7). Let d be z(s). Let m = d - -7. List the prime factors of m.
2
Suppose -5*u + 8*u - 910 = -5*p, 0 = 2*u + 2*p - 608. What are the prime factors of u?
5, 61
Let q(x) = -5*x + 7. Let f(t) = 6*t - 8. Let p(c) = 6*f(c) + 7*q(c). Let v be p(-1). Suppose -3*g + 5*o + 4 + 8 = v, -4*o + 3 = -g. List the prime factors of g.
3
Let m = -36 - -318. List the prime factors of m.
2, 3, 47
Suppose -x + 201 - 41 = 0. What are the prime factors of x?
2, 5
Suppose 0*p + 7*p - 266 = 0. List the prime factors of p.
2, 19
Let d be (-5 + 19)/((-2)/(-7)). Let l = -21 + d. What are the prime factors of l?
2, 7
What are the prime factors of (-2)/6 - 35/30*-110?
2
Let b(g) = -g**3 - 3*g**2 - 2*g - 3. Let d be b(-3). Suppose d*w - 99 = 4*x, 6*x - 75 = -3*w + 2*x. What are the prime factors of w?
29
Suppose 0 = 2*v + 36 + 14. Suppose 4*o + 8 = 6*o, -2*s - 70 = o. Let n = v - s. List the prime factors of n.
2, 3
Let i be (-15)/((1/(-1))/(-5)). Let t = -45 - i. Let c = t + -17. List the prime factors of c.
13
Let s be ((-6)/8)/((-3)/(-72)). Let a = s - -25. What are the prime factors of a?
7
Suppose 0 = -2*h + 4*y + 192, -2*y - 397 = -4*h - 7*y. List the prime factors of h.
2, 7
Suppose 0 = 5*j - 2*z - 8 - 1, -4*z + 3 = -3*j. Suppose -j*s = -5 + 20. Let d(f) = -f + 6. What are the prime factors of d(s)?
11
Let y = -23 + 9. Let l be 3*1/(-3)*-2. List the prime factors of (y/5)/(l/(-10)).
2, 7
Let r = 4 + -2. List the prime factors of 2*(2 + -2 + r).
2
Suppose 6 = -2*v + 5*v. Suppose v*g - 9 = -g - 5*b, 5*b + 12 = 4*g. Suppose 29 + 10 = g*o. What are the prime factors of o?
13
Let b = 1 + 11. Suppose 0*q + 4*d = 3*q - b, 4*d + 16 = 4*q. Suppose y + 51 = q*y. List the prime factors of y.
17
Let h(j) = j**3 - 11*j**2 - 4*j. Let o(q) = -2*q**3 + 12*q**2 + 3*q - 1. Let d(m) = -3*h(m) - 2*o(m). What are the prime factors of d(-8)?
2, 3
Let l(b) = 3*b**2 + 5*b - 7. List the prime factors of l(-8).
5, 29
Let z = 158 + -60. What are the prime factors of z?
2, 7
Let l = 6 - 